igit of v?
9
Suppose -136*t = -131*t - 158760. What is the units digit of t?
2
Let q be 12/3 - 1/((-2)/(-8)). Suppose q*l + l - 285 = -2*s, -3*s = 3*l - 867. What is the tens digit of l?
9
Let x(q) = -56*q**2 - 19*q + 12. Let l(w) = 28*w**2 + 10*w - 5. Let g(y) = 7*l(y) + 4*x(y). Let b be g(3). Let i = b + 491. What is the hundreds digit of i?
2
Let l be (-12)/5*(0 + -6 + -4). Suppose -l = 5*h + 3*h. What is the tens digit of 153/1 - 6/h?
5
Let q(x) be the first derivative of -5*x**2 + 31*x - 22. Let w be q(-6). Suppose w = 2*n + 19. What is the tens digit of n?
3
Let w = 58 - 55. Suppose w*x - 251 = 7. Let f = x - 24. What is the tens digit of f?
6
Suppose 5*x + 56 = -2*h, 5*h + 15 = -0. Let z be (0 - -1)/((-3)/6). What is the units digit of 518/10 + z/x?
2
Suppose -3*m + m - 3*g = -29, m + 5 = 5*g. Suppose -6*j = -m*j + 48. What is the units digit of 42/j*11*2?
7
Let s = -21 + -135. Let y = s + 307. Suppose 0 = 3*m - y - 242. What is the units digit of m?
1
Suppose 0 = 217*q - 202*q - 93990. What is the units digit of q?
6
What is the tens digit of 12132 - -27 - 30/2?
4
Suppose 795 + 1737 = -6*j. Let g = j - -1062. What is the units digit of g?
0
What is the ten thousands digit of 1760216/52 - 136/442?
3
Suppose 51 = -16*m + 33*m. Suppose -m*b = -3*w + 2445, 2*w - 5*b = 1969 - 327. What is the hundreds digit of w?
8
Let z(q) = 133*q**2 + 66*q - 336. What is the tens digit of z(6)?
4
Suppose 11*t - 10703 = -847. Suppose -u + 3*j = 8*j - 242, 4*u = 4*j + t. What is the tens digit of u?
2
Let c(p) be the third derivative of p**5/60 - p**4/6 - 7*p**3/6 - 23*p**2. Let s be c(6). Suppose -468 = -14*h + s*h. What is the units digit of h?
2
Let k = -6790 - -9735. What is the thousands digit of k?
2
Suppose 1037 = 8*v - 811. Let o = 698 - v. What is the tens digit of o?
6
Let u(x) = -15*x - 4. Let c be u(0). Let o(y) = 3*y**2 + y - 3. Let r(v) = 13*v**2 + 5*v - 13. Let n(h) = 9*o(h) - 2*r(h). What is the units digit of n(c)?
9
What is the thousands digit of 154/(-14) - -2 - (2 - 14215)?
4
Let j = -134 + 133. Let y(i) = -376*i**3 + 6*i + 5. What is the units digit of y(j)?
5
What is the units digit of ((-9)/(-27))/(3/(-30150)*-5)?
0
Let f = -457 + 831. Suppose -328 = -2*k + f. Let n = -168 + k. What is the tens digit of n?
8
Let g = 187 - -733. What is the tens digit of g?
2
Suppose -2*f = -28 + 24. Let y be 390/(-52) - f/4. What is the hundreds digit of ((-32)/(-12))/y*-519?
1
What is the ten thousands digit of -4 + (21758 - -5) + 6 + -14 + 2?
2
Let t be (3 + -2 + -8)*5/5. What is the units digit of 2/7 - 2469/t?
3
Let q = -50 + 28. Let z = q - -25. Suppose -61 = -m - t, t + 248 - 73 = z*m. What is the units digit of m?
9
Suppose 15 + 5 = -5*p, -5*p = -g + 72. Suppose -53*s = -g*s - 363. What is the tens digit of s?
6
Suppose 164*l = 5*v + 163*l - 43361, v + 2*l = 8681. What is the hundreds digit of v?
6
Suppose 5107*y = 5083*y + 183144. What is the units digit of y?
1
Suppose -15*b - 13 = -13. Suppose 8*r - 530 - 1934 = b. What is the tens digit of r?
0
Suppose -3*k = b + 1 - 13, 6 = 3*b - k. Suppose 0 = -b*f - c + 437, 17*f - 13*f + 5*c = 579. What is the hundreds digit of f?
1
Let p(u) be the second derivative of -u**5/20 + u**4/6 - u**3/6 + 54*u**2 - 2*u - 5. What is the tens digit of p(0)?
0
Let a(x) = -x**3 + 9*x**2 + 53*x + 37. What is the units digit of a(-13)?
6
What is the tens digit of (0 - (-48805)/10) + (-6)/(-12)?
8
Suppose -26634 + 10002 = -21*k. Let x = k + -388. What is the units digit of x?
4
Suppose -2*t + 5*x = -480, 4*t - 3*x - 598 = 390. What is the units digit of t + (-9 + (0 - -3))/2?
7
Suppose 111 = -5*p - 5*j - 284, 0 = 5*j + 5. What is the units digit of ((-5)/(-4) - 1) + p/(-104)?
1
What is the tens digit of 4 + (-41251)/(-14) + 8/(64/28)?
5
Let z = -571 + -179. Let r = z + 1083. What is the tens digit of r?
3
Let j = 7535 + -4898. What is the thousands digit of j?
2
Suppose -2*j + 4*j - 2 = 0. Let f be -291*j/(-6)*-4. What is the tens digit of 8/28 - f/7?
2
Let z be (6/(-10) - 323/(-380))*28. Suppose 3210 + 2362 = z*j. What is the units digit of j?
6
Suppose 0 = -5*x - 20, -5*x - 48 - 148 = -2*c. Let u be (-446)/10 - ((-48)/5)/16. Let o = u + c. What is the units digit of o?
4
Suppose -n - 2*k + 4*k = -11, 3*n - 4*k = 31. Suppose 0 = n*v - 1206 - 1980. What is the units digit of v?
4
Suppose -2*i + 1080 = -0*i. Suppose -5*k = 5*l - i, -6*k - 126 = -l - k. Suppose -l = -3*y + 45. What is the tens digit of y?
5
Suppose -4*w - 3*h + 869 + 58 = 0, 5*h = 25. Suppose -4*d + 24 = 16, -d = -5*g + w. What is the units digit of g?
6
Let h = -35762 - -64505. What is the units digit of h?
3
Let x = 1332 - 707. Suppose -x = -4*v + 611. What is the units digit of v?
9
Suppose 85156 = 2*x + d, -42485 = -32*x + 31*x - 16*d. What is the hundreds digit of x?
5
Suppose 2 = -3*w + 14, 4*u + 2*w = 752. Suppose 3195 = 41*t - 1479. Let s = u - t. What is the tens digit of s?
7
Let w(o) = 21*o**2 - 2*o + 3. Let l be ((-18)/(-12))/(1/2). Let x = -1 + l. What is the tens digit of w(x)?
8
Let d = 33 + -21. Let y be ((-3)/(-2))/(6/d). Suppose 2*x + y*j + 33 = 5*x, 4*x = j + 32. What is the units digit of x?
7
Let k(h) = 4*h**3 - 8*h**2 + 7*h + 11. Let y be k(9). Suppose 4*m + 174 = y. What is the hundreds digit of m?
5
Suppose -42805 + 3751 = -4*u - c, 9*u = -3*c + 87876. What is the units digit of u?
2
Suppose -11*c = 7 - 40. Suppose c*k = 9*k - 1476. What is the hundreds digit of k?
2
Let p(g) = g**2 + 43*g + 20. Let j be p(-19). Let t = -219 - j. What is the tens digit of t?
1
Suppose -233*u = -239*u + 70386 + 18180. What is the thousands digit of u?
4
Let n(s) = 12*s**3 + 4*s**2 + s - 3. Let v(j) = 7*j - 5. Let f be v(1). Let l be n(f). Suppose l = u - 0*a + 4*a, -5*a = -5. What is the hundreds digit of u?
1
Let b = 1 + 23. Suppose -4*g + 2*g + v = 16, 0 = 3*g + v + b. Let n = 114 - g. What is the hundreds digit of n?
1
Let d(s) = -s**2 - 14*s + 34. Let n be d(-11). Let k = n + -62. Suppose 5*u + 3*q - 350 = 0, 0 = q - 2*q - k. What is the units digit of u?
3
Let d(i) be the first derivative of i**4/4 + 8*i**3/3 - 5*i**2 + 7*i - 6. Let w be d(-8). Suppose -6*v + w = -177. What is the units digit of v?
4
Let z be (32/6)/(4/12). Let l(t) = t**3 - 9*t**2 + 12*t - 12. Let m be l(8). Let r = z + m. What is the tens digit of r?
3
Let m(n) = -10*n**2 + 16*n - 23*n + 8*n + 2. Let f be m(-2). What is the units digit of 20/f - 594/(-4)?
8
Let k = -336 + -179. What is the hundreds digit of ((-9)/18)/(k/514 - -1)?
2
Let i = -147 + 147. Suppose -60*y + 71*y - 2508 = i. What is the hundreds digit of y?
2
Let c(t) = 3*t + 2. Let r(u) = -5*u - 4. Let b(h) = 13*c(h) + 6*r(h). Let v be (-11)/(-1) + (33 - 38). What is the tens digit of b(v)?
5
Let q = 70201 - 34550. What is the thousands digit of q?
5
Let g(u) = u**3 + 6*u + 16. Let i be g(-3). Let x = 106 - 55. Let r = i + x. What is the tens digit of r?
2
Suppose -370 = 21*b - 24352. Suppose -5*y + 2*h + b = -h, 2*h = 3*y - 685. What is the units digit of y?
9
Let p(j) = 2*j - 18. Let t be p(14). Suppose -11*m - 4*y = -t*m + 126, 5*y = 2*m + 265. Let d = 169 + m. What is the tens digit of d?
3
Suppose 70*c + 24924 = 354344. What is the units digit of c?
6
Suppose 9*l - 121 - 122 = 0. Suppose 12*v = 279 - l. What is the tens digit of v?
2
Suppose -80*k + 451631 + 206769 = 0. What is the units digit of k?
0
Suppose 12*j = 11*j + 761. Suppose -4*c = -2*c, 0 = -r + 4*c + j. What is the tens digit of r?
6
Let y(k) = 2219*k**2 - k - 2. Let j be y(-1). Let r(h) = h**3 - j + 7*h**2 + 2222 + 3*h**2. What is the tens digit of r(-9)?
8
What is the units digit of 13/91*-14*6742/(-4)?
1
Let k(s) = -13*s**2 + 39*s - 277. Let g(q) = -3*q**2 + 10*q - 69. Let f(j) = -9*g(j) + 2*k(j). What is the tens digit of f(8)?
3
Suppose 2*n + a - 7 = 0, -2*a = -3*a + 3. Suppose 4*d = -5*j + 473, j - 6*j - n*d + 479 = 0. What is the tens digit of j?
9
Suppose -2*h + h - 2*d = -9, 3*h = -d + 17. Suppose 0 = 2*t + 1 + 9, t = -h*k - 15. What is the tens digit of (-3582)/(-22) + k + 4/22?
6
Let u = 74 - -7. Suppose -76*z = -u*z + 10. What is the units digit of 112/z + (4 - -1)?
1
Suppose 16*g = 17*g - 8529. What is the tens digit of g?
2
Let q(s) = 15*s - 2. Let o(w) = -16*w + 2. Let y(l) = 3*o(l) + 4*q(l). Let g(r) = r**3 + r**2 - 4*r - 3.